-1). Give k(w).
1
Suppose 2*l + 15 = 3*l - t, 4*l + 5*t = 15. Suppose -5*r - 10 = -l*r. Let k(g) = 1. Let m(b) = -4*b**2 + 2*b + 5. Let w(z) = 3*k(z) - m(z). Give w(r).
10
Let j(h) be the second derivative of h**4/6 - h**2/2 - 37*h. Calculate j(2).
7
Let a be (-25)/(-9) + 5 + (-10)/(-45). Let n(u) be the second derivative of 1/20*u**5 + 0 + a*u + 2/3*u**4 - 5*u**2 + u**3. Give n(-7).
-3
Let r(o) = 12*o**2 - 9*o + 29. Let x(v) = -7*v**2 + 4*v - 15. Let p(u) = -4*r(u) - 7*x(u). What is p(-10)?
9
Let d(f) = 202*f - 2 + 202*f - 405*f. Give d(-2).
0
Let a be 0 + (1/1)/1. Let q(l) = a + 8*l + l + 0*l. Suppose 0 = -5*x + 20, -5*w + 3*x - x = 3. What is q(w)?
10
Let t(r) = -2*r**2 + 2*r + 5. Let c be t(-2). Let f(m) = -5*m - 17. Determine f(c).
18
Let a(f) = 3*f + 1. Let l(h) = 4*h**2 - 8*h - 15. Let y(k) = k**2 - 3*k - 5. Let o(w) = 2*l(w) - 7*y(w). Let s be o(-4). Give a(s).
4
Let j(r) = -r**2 - 22*r**3 - 6*r + 23*r**3 - 2 - 4 + 4*r**2. Suppose -3*y + 2*u = -3, y - 4*u - 2 = -y. Let h = y - 5. Calculate j(h).
2
Suppose 0*v + d = 3*v - 18, 2*d = -4*v + 24. Let k(x) = 2*x - 10. Determine k(v).
2
Suppose -16*b + 151 = -25. Let x(y) = y + 1. Determine x(b).
12
Let l(n) = -3*n - 4. Let p = 401 - 397. Determine l(p).
-16
Let r(w) be the third derivative of -1/6*w**4 - 1/60*w**5 + 3*w**2 + 0*w - 1/2*w**3 + 0. Give r(-4).
-3
Let r = 361 + -366. Let p(m) = 2*m - 2. What is p(r)?
-12
Suppose 16*b = 8*b. Let m(w) = -w**2 - 11. Determine m(b).
-11
Let k = 3 + -10. Suppose 2 = -8*p + 10. Let u(y) = -5*y**2 + 14*y - 1. Let v(f) = -f**2 + f - 1. Let h(s) = p*u(s) - 6*v(s). Calculate h(k).
-2
Let r(d) = d**2 + 9*d + 12. Let v(c) = c**2 + 5*c - 9. Let j be v(0). Calculate r(j).
12
Let t be 6*((-3)/2)/(-3) - 5. Let w(c) = 6*c. Let o(y) = -4*y. Let i(a) = -8*o(a) - 5*w(a). Calculate i(t).
-4
Let s = 546/11 - 1627/33. Let h(w) be the first derivative of -2 - 8*w + 1/2*w**2 + s*w**3. Determine h(0).
-8
Let m = 3 + 1. Let y(a) = -a**2 + 9 + m*a + 3 - 14. Suppose -2*u = 3*i - 22, 0 = -i + u + 3*u - 16. Give y(i).
-2
Let x(c) = -3*c - 13. Let a be x(-8). Let t(j) = 9 + 3*j**2 + j**2 - 19*j - 3*j**2 + 7*j. Determine t(a).
-2
Let j(c) = -144*c + 6. Let i(y) = 28*y - 1. Let g(h) = -11*i(h) - 2*j(h). Determine g(-1).
19
Let n(v) = -3*v**2 + 8*v - 8. Let k be (-6)/10*(-80)/4. Let u(c) = k + 5*c**2 + 0 + 4 - 16*c. Let y(m) = -7*n(m) - 4*u(m). Calculate y(-8).
-8
Let w = 482 + -493. Let a(n) = -n**3 - 12*n**2 - 10*n + 9. Determine a(w).
-2
Let b be (-50)/20*(-6)/5. Suppose -p + b = -4. Let g(j) = -j**3 + 7*j**2 + j + 2. Calculate g(p).
9
Let m(y) = -6*y + 23. Let s(q) = 7*q - 24. Let t(r) = 6*m(r) + 5*s(r). Give t(14).
4
Let j(n) = 5*n + 59. Let o(c) = -2*c - 6. Let w(q) = -j(q) - o(q). Calculate w(-17).
-2
Let g = 178 - 172. Let j(u) be the second derivative of u**5/20 - 5*u**4/12 - 2*u**3/3 - 5*u**2/2 + 2*u. Calculate j(g).
7
Suppose 5*p = -4*d - 10, p - 3 = -2*d + 1. Let k(x) be the third derivative of -x**5/60 - 5*x**4/24 + x**3/3 - 18*x**2. Give k(p).
-4
Suppose 5*r + 2*c - 55 = 7*c, 0 = 5*c + 10. Let z(l) = -l**2 + 6*l + 10. Determine z(r).
-17
Let k(v) = 4 - 9 + 4 - 2*v + 5. Let z = -7 - -11. Let j be ((-10)/4)/(z/(-8)). What is k(j)?
-6
Let l(o) be the first derivative of -o**3/3 - o**2 - o - 36. Give l(0).
-1
Let y(p) be the third derivative of 0*p - 7/24*p**4 + 0 + 2/3*p**3 - 1/60*p**5 + 10*p**2. Give y(-7).
4
Let o(p) = p - p - 880 + p + 888. Give o(-6).
2
Let i(r) = 2*r**2 + 4*r + 3. Let a be 2 + 2 - (-4 - -6). Suppose -t - 4 = a*g, -5*t + 7 = -g + 2*g. Determine i(g).
9
Let z(t) be the first derivative of t**6/120 - t**5/12 - t**4/8 - t**3/6 - 2*t**2 - 2. Let k(r) be the second derivative of z(r). Determine k(6).
17
Suppose 25*t - 3 = 22*t. Let c be (-1 + t)/(-4)*1. Let o(h) = -h**2 + h - 3. Determine o(c).
-3
Let d(b) = 2*b + 4. Let s(n) = n + 3. Let t(g) = -g**3 + 8*g**2 + 10*g - 13. Let h be t(9). Let f be 5/(-10) - (-22)/h. Let i be s(f). Give d(i).
-2
Let o(u) = u**3 - 8*u**2 - 10*u + 12. Suppose 0 = -4*s + 55 + 109. Suppose 5*q = 4 + s. What is o(q)?
3
Let n(y) = -8*y - 3*y + y - 13 - 11*y + 23*y. Calculate n(12).
11
Let v = 8 + -4. Let q(x) = 12*x**3 - 4*x**2 - 3*x - 5. Let h(i) = 5*i**3 - 2*i**2 - 2*i - 3. Let z(k) = -5*h(k) + 2*q(k). Determine z(v).
-11
Let u be (3/(-2))/((-12)/264). Suppose -o + u = 3*f - 4*o, -3*o = 9. Let d(s) = s + 2. Give d(f).
10
Let o(f) be the third derivative of -f**8/3360 + f**7/2520 + f**6/720 - f**5/120 - f**4/12 - f**2. Let g(r) be the second derivative of o(r). Determine g(2).
-11
Suppose 5*x - 6 = -1. Let o(n) be the first derivative of 0*n**2 + 4/3*n**3 - 3 - n. Give o(x).
3
Let l(p) = -5*p**2 - 8*p - 23. Let j(f) = 2*f**2 + 3*f + 8. Let n(u) = -8*j(u) - 3*l(u). Calculate n(4).
-11
Suppose 0 = -t, 3*t - 9 = 2*v - 1. Let q(d) = -8*d - 11. Let p(x) = 7*x + 10. Let f = -36 - -43. Let c(o) = f*p(o) + 6*q(o). Determine c(v).
0
Let k be ((-24)/324)/((-6)/99) - (-4)/(-18). Let u(y) = 1 + 5*y - y + y. Determine u(k).
6
Let v(o) = 3 + 2*o - 12*o + 4*o + 5*o. Suppose 0 = -b + 10 - 4. Calculate v(b).
-3
Let a(m) = -8*m - 7. Let g(o) = -o. Let h(x) = -a(x) + 6*g(x). Suppose 3*p - 12 - 90 = 0. Let y = p + -40. What is h(y)?
-5
Let a be (0 - 1) + 1/((-3)/9). Let x(v) = 3*v - v**2 + 7*v**2 - 7 + v**3 + 3. Determine x(a).
16
Let z(d) = 3*d + 3*d + 8*d - 15*d. What is z(5)?
-5
Let o(i) = -i - 3. Let d(x) = x + 3. Let w(s) = -3*d(s) - 4*o(s). Let h = -11 + 17. Let y be -3 - (h - (1 - -3)). Determine w(y).
-2
Suppose k - 2*s = 5, k - s = -4*s + 5. Let y = -1 + k. Let d(a) be the third derivative of a**5/60 - 5*a**4/24 - a**3/2 - a**2. What is d(y)?
-7
Suppose 53*x = 72*x. Let w(h) = h**2 - h + 37. Give w(x).
37
Let u(p) = 13*p**3 - 2*p**2 - p + 2. Let a = -654 - -655. Give u(a).
12
Let y(w) = 174*w**3 + 6*w - 173*w**3 + w - 2*w + 6*w**2. What is y(-5)?
0
Let g(p) = -p**3 - 14*p**2 - p - 11. Let c be (-3)/(-1) + -15 + 34/(-17). What is g(c)?
3
Let r(h) = -h**2 + 9*h - 22. Suppose 12 = 493*z - 491*z. Give r(z).
-4
Let w(x) = 3*x - 6*x - 3*x. Suppose -2*t - 6 = -2*o, 4*o + o - 3*t = 7. What is w(o)?
6
Let u(p) = -6*p**2 - 81*p - 27. Let f be u(-13). Let j(c) = c**3 - 12*c**2 + 4. What is j(f)?
4
Let b(y) = -y - 10. Let x(o) = -2*o - 20. Let f(g) = 5*b(g) - 2*x(g). Let i be (10/6)/((-9)/27). What is f(i)?
-5
Let g(i) = 16 + 16*i - 44*i + 13*i + 16*i. Give g(-13).
3
Let m(c) = 3*c - 21. Let v be m(8). Let h(g) = g**3 - 2*g**3 - v*g + 4*g**2 + 0*g**3. Determine h(3).
0
Let s(p) = -5*p + 4. Let u(a) = -a + 1. Let m(v) = 2*s(v) - 11*u(v). Suppose 28*z - 29*z - 5 = 3*d, 0 = 5*d + 20. Determine m(z).
4
Let t = 5302 + -5307. Let x(q) be the second derivative of q**4/12 + 5*q**3/6 - 2*q**2 + q. Determine x(t).
-4
Let c be 0 - -6 - ((-2)/(-1) + -1). Let b(w) = -4*w**2 + 5 - 1 + w**3 + 2*w - 9*w. Determine b(c).
-6
Suppose -4*q - 30*i = -25*i - 57, 5*i + 47 = 4*q. Let b(n) = n**3 - 13*n**2 + n - 12. Give b(q).
1
Let h(n) = 3*n + 2. Let l = 7 - -12. Let u = l + -21. Give h(u).
-4
Let d = -130 - -130. Suppose 99*u - 101*u - 14 = d. Let b(a) = a**3 + 7*a**2 + 5*a + 10. Give b(u).
-25
Let h(a) = 240*a**2 - 7*a - 238*a**2 + 12 - 11. Calculate h(6).
31
Let k(i) = -6*i**3 + 2*i**2 - 1. Let b(s) = -3*s**2 + 7*s - 1. Let n(x) = -x**2 + 2*x. Let z(f) = -4*b(f) + 11*n(f). Let d be z(5). Calculate k(d).
7
Let k = 22 - 22. Let t(h) = 2*h**2 - 2*h**2 - h**3 + h**2 - 5 - 3. Give t(k).
-8
Let g(y) be the third derivative of y**6/120 - 7*y**5/20 + 19*y**4/24 + 19*y**3/6 + 2*y**2 + 244*y. Calculate g(20).
-1
Let t(b) = 2*b + b**2 - 5*b - 4 + 0. Let x = 741 - 738. Determine t(x).
-4
Let a(o) be the third derivative of o**6/120 - o**5/10 - o**4/4 - o**3/6 + 4*o**2 + 4*o. What is a(7)?
6
Let h(j) = -9*j + 1. Suppose 49*r = 52*r - 5*w - 6, -4*r = w - 8. Determine h(r).
-17
Let t = -126 - -126. Let p(k) be the third derivative of 0*k - 4/3*k**3 - 2*k**2 - 1/8*k**4 + t. Calculate p(-6).
10
Let j(u) = -u**2 - 4*u + 1. Let h(d) = -d**2 + 8*d - 26. Let w(r) = h(r) - 2*j(r). Calculate w(-17).
-11
Let p(w) = -2*w**2 + 13*w + 2. Let a(j) = -5*j**2 + 23*j + 2. Let i(s) = -3*a(s) + 5*p(s). Calculate i(2).
16
Let y(g) = -5*g**2 - 12*g + 4. Let f(n) = 11*n**2 + 26*n - 9. Let i(k) = 4*f(k) + 9*y(k). What is i(-5)?
-5
Let p(h) = -4*h**3. Let j(d) = 2*d - 5. Let l(b) = b - 3. Let y(z) = -3